{"id":19,"date":"2015-10-06T18:04:24","date_gmt":"2015-10-06T16:04:24","guid":{"rendered":"http:\/\/fotodaniel.de\/wp\/?page_id=19"},"modified":"2015-10-06T19:32:14","modified_gmt":"2015-10-06T17:32:14","slug":"hochzeit","status":"publish","type":"page","link":"http:\/\/fotodaniel.de\/?page_id=19","title":{"rendered":"Hochzeit"},"content":{"rendered":"<p>Sie trauen sich und sagen ja.<br \/>\nHerzlischen Gl\u00fcckwunsch!<br \/>\nSie werden alles sorgf\u00e4ltig planen und bestimmt nichts dem Zufall \u00fcberlassen wollen.<br \/>\nZu einer tollen Hochzeit geh\u00f6ren auch wundersch\u00f6ne Hochzeitsbilder, die diesen einzigartigen Tag, unvergesslich machen.<br \/>\nGerne halte ich diesen Tag als Erinnerung f\u00fcr Sie fest.<\/p>\n<div id=\"kad-wp-gallery29\" class=\"kad-wp-gallery kad-light-wp-gallery clearfix kt-gallery-column-3 rowtight\"><div class=\"tcol-lg-4 tcol-md-4 tcol-sm-4 tcol-xs-6 tcol-ss-12 g_item\"><div class=\"grid_item kad_gallery_fade_in gallery_item\"><a href=\"http:\/\/fotodaniel.de\/wp\/wp-content\/uploads\/2015\/10\/031.jpg\" data-rel=\"lightbox\" class=\"lightboxhover\"><img src=\"http:\/\/fotodaniel.de\/wp\/wp-content\/uploads\/2015\/10\/031-400x400.jpg\" width=\"400\" height=\"400\" alt=\"\" srcset=\"http:\/\/fotodaniel.de\/wp\/wp-content\/uploads\/2015\/10\/031-400x400.jpg 400w, http:\/\/fotodaniel.de\/wp\/wp-content\/uploads\/2015\/10\/031-150x150.jpg 150w\" sizes=\"(max-width: 400px) 100vw, 400px\" class=\"light-dropshaddow\"\/><\/a><\/div><\/div><div class=\"tcol-lg-4 tcol-md-4 tcol-sm-4 tcol-xs-6 tcol-ss-12 g_item\"><div class=\"grid_item kad_gallery_fade_in gallery_item\"><a href=\"http:\/\/fotodaniel.de\/wp\/wp-content\/uploads\/2015\/10\/057.jpg\" data-rel=\"lightbox\" class=\"lightboxhover\"><img src=\"http:\/\/fotodaniel.de\/wp\/wp-content\/uploads\/2015\/10\/057-400x400.jpg\" width=\"400\" height=\"400\" alt=\"\" srcset=\"http:\/\/fotodaniel.de\/wp\/wp-content\/uploads\/2015\/10\/057-400x400.jpg 400w, http:\/\/fotodaniel.de\/wp\/wp-content\/uploads\/2015\/10\/057-150x150.jpg 150w\" sizes=\"(max-width: 400px) 100vw, 400px\" class=\"light-dropshaddow\"\/><\/a><\/div><\/div><div class=\"tcol-lg-4 tcol-md-4 tcol-sm-4 tcol-xs-6 tcol-ss-12 g_item\"><div class=\"grid_item kad_gallery_fade_in gallery_item\"><a href=\"http:\/\/fotodaniel.de\/wp\/wp-content\/uploads\/2015\/10\/065.jpg\" data-rel=\"lightbox\" class=\"lightboxhover\"><img src=\"http:\/\/fotodaniel.de\/wp\/wp-content\/uploads\/2015\/10\/065-400x400.jpg\" width=\"400\" height=\"400\" alt=\"\" srcset=\"http:\/\/fotodaniel.de\/wp\/wp-content\/uploads\/2015\/10\/065-400x400.jpg 400w, http:\/\/fotodaniel.de\/wp\/wp-content\/uploads\/2015\/10\/065-150x150.jpg 150w\" sizes=\"(max-width: 400px) 100vw, 400px\" class=\"light-dropshaddow\"\/><\/a><\/div><\/div><div class=\"tcol-lg-4 tcol-md-4 tcol-sm-4 tcol-xs-6 tcol-ss-12 g_item\"><div class=\"grid_item kad_gallery_fade_in gallery_item\"><a href=\"http:\/\/fotodaniel.de\/wp\/wp-content\/uploads\/2015\/10\/042.jpg\" data-rel=\"lightbox\" class=\"lightboxhover\"><img src=\"http:\/\/fotodaniel.de\/wp\/wp-content\/uploads\/2015\/10\/042-400x400.jpg\" width=\"400\" height=\"400\" alt=\"\" srcset=\"http:\/\/fotodaniel.de\/wp\/wp-content\/uploads\/2015\/10\/042-400x400.jpg 400w, http:\/\/fotodaniel.de\/wp\/wp-content\/uploads\/2015\/10\/042-150x150.jpg 150w\" sizes=\"(max-width: 400px) 100vw, 400px\" class=\"light-dropshaddow\"\/><\/a><\/div><\/div><div class=\"tcol-lg-4 tcol-md-4 tcol-sm-4 tcol-xs-6 tcol-ss-12 g_item\"><div class=\"grid_item kad_gallery_fade_in gallery_item\"><a href=\"http:\/\/fotodaniel.de\/wp\/wp-content\/uploads\/2015\/10\/033.jpg\" data-rel=\"lightbox\" class=\"lightboxhover\"><img src=\"http:\/\/fotodaniel.de\/wp\/wp-content\/uploads\/2015\/10\/033.jpg\" width=\"338\" height=\"450\" alt=\"\" srcset=\"http:\/\/fotodaniel.de\/wp\/wp-content\/uploads\/2015\/10\/033.jpg 338w, http:\/\/fotodaniel.de\/wp\/wp-content\/uploads\/2015\/10\/033-225x300.jpg 225w\" sizes=\"(max-width: 338px) 100vw, 338px\" class=\"light-dropshaddow\"\/><\/a><\/div><\/div><\/div>\n","protected":false},"excerpt":{"rendered":"<p>Sie trauen sich und sagen ja. Herzlischen Gl\u00fcckwunsch! Sie werden alles sorgf\u00e4ltig planen und bestimmt nichts dem Zufall \u00fcberlassen wollen. Zu einer tollen Hochzeit geh\u00f6ren auch wundersch\u00f6ne Hochzeitsbilder, die diesen einzigartigen Tag, unvergesslich machen. Gerne halte ich diesen Tag als &hellip; <a href=\"http:\/\/fotodaniel.de\/?page_id=19\">Weiter<\/a><\/p>\n","protected":false},"author":1,"featured_media":0,"parent":9,"menu_order":0,"comment_status":"closed","ping_status":"closed","template":"page-fullwidth.php","meta":[],"_links":{"self":[{"href":"http:\/\/fotodaniel.de\/index.php?rest_route=\/wp\/v2\/pages\/19"}],"collection":[{"href":"http:\/\/fotodaniel.de\/index.php?rest_route=\/wp\/v2\/pages"}],"about":[{"href":"http:\/\/fotodaniel.de\/index.php?rest_route=\/wp\/v2\/types\/page"}],"author":[{"embeddable":true,"href":"http:\/\/fotodaniel.de\/index.php?rest_route=\/wp\/v2\/users\/1"}],"replies":[{"embeddable":true,"href":"http:\/\/fotodaniel.de\/index.php?rest_route=%2Fwp%2Fv2%2Fcomments&post=19"}],"version-history":[{"count":2,"href":"http:\/\/fotodaniel.de\/index.php?rest_route=\/wp\/v2\/pages\/19\/revisions"}],"predecessor-version":[{"id":92,"href":"http:\/\/fotodaniel.de\/index.php?rest_route=\/wp\/v2\/pages\/19\/revisions\/92"}],"up":[{"embeddable":true,"href":"http:\/\/fotodaniel.de\/index.php?rest_route=\/wp\/v2\/pages\/9"}],"wp:attachment":[{"href":"http:\/\/fotodaniel.de\/index.php?rest_route=%2Fwp%2Fv2%2Fmedia&parent=19"}],"curies":[{"name":"wp","href":"https:\/\/api.w.org\/{rel}","templated":true}]}}